et g = -3113 - -5843. What is the highest common factor of g and 42?
42
Let v = 858 + -850. What is the greatest common divisor of 1384 and v?
8
Let i(q) = 2*q**2 + 5*q + 33. Let v be i(11). What is the greatest common divisor of 132 and v?
66
Suppose -3*l = -w - 27, 3*l - 4 = 2. Let b(y) = y**2 + 21*y + 37. Let d be b(w). What is the greatest common factor of d and 407?
37
Let y = -127 + 184. Let f be -1*(2 - (1 - -2)). Suppose -2*s = -y + f. What is the greatest common factor of 7 and s?
7
Let r = -4 - 15. Let f = r + 42. Calculate the greatest common divisor of f and 115.
23
Let w be -18*(2 - 15/6). Let t = 31 - w. Suppose -21*k + t*k = 12. What is the greatest common divisor of 36 and k?
12
Let f be ((-147)/4)/(6/(-16)). Suppose f = 4*w - 122. Suppose 0 = -5*d + o - 4*o + 64, -4*d + 2*o = -38. What is the highest common divisor of w and d?
11
Let r = 32 + -26. Suppose r = 5*g - 34. Calculate the greatest common divisor of g and 12.
4
Let m(d) = d**3 - 20*d**2 + 26*d - 45. Let s be m(19). What is the greatest common factor of s and 3608?
88
Let y(h) = h**3 - 18*h**2 + 22*h + 22. Let p be y(16). Let c = -98 - p. What is the greatest common divisor of 5 and c?
5
Suppose 4*s + 5*w + 3 = 0, 0 = 10*s - 6*s - 3*w - 21. What is the greatest common divisor of 5 and s?
1
Let j(c) = c**2 + 4*c + 4. Let z be j(-8). Suppose z = 4*s - 16. Calculate the greatest common factor of s and 65.
13
Suppose -7*u = -71 - 279. What is the greatest common factor of u and 75?
25
Suppose q = u - 30, 3*u - 4*u = -5*q - 14. Let y = -2512 + 2648. Calculate the highest common factor of u and y.
34
Suppose 2 = 4*c - 22. Suppose -4*r = -2*s - 176, 5*s - 186 = -5*r + 4. Calculate the highest common divisor of c and r.
6
Let w = 514 + -320. What is the greatest common divisor of w and 1067?
97
Suppose 2*u - u - 3*r = 167, -3*u = 4*r - 514. What is the highest common factor of 119 and u?
17
Let o(q) = 2*q**2 + 2*q + 48. Let r be o(-7). What is the greatest common divisor of r and 12?
12
Let d be 3*(-2 + 1*13/3). Calculate the highest common divisor of 630 and d.
7
Let a = 2644 - 2476. What is the greatest common divisor of a and 21?
21
Let i = -22 - -36. Let g = 201 - 199. What is the highest common divisor of i and g?
2
Let u = -239 + 248. What is the highest common factor of u and 549?
9
Let m = 6 + -8. Let n be (13 - 1)*m/(-4). Suppose 134*h - 1155 - 453 = 0. Calculate the highest common divisor of h and n.
6
Suppose -2079*j = -2088*j + 54. Calculate the greatest common divisor of j and 498.
6
Let c = -11 - -8. Let r be (1 - c)*(-15)/(-6). Let l = -84 + 164. Calculate the highest common factor of l and r.
10
Suppose 0 = -623*k + 605*k + 1026. Calculate the highest common factor of k and 532.
19
Suppose -3*t - 2*t + 1364 = 4*u, -u = -4*t - 341. What is the highest common divisor of 186 and u?
31
Suppose 4*d + 0 = -5*u - 54, 4*d - 16 = 0. Let b(w) = -6*w - 20. Let h be b(-8). Let o = h + u. Calculate the greatest common divisor of o and 35.
7
Suppose -5 = -5*s + 5. Let z = s + 2. Suppose 0*a = -5*a + 80. What is the greatest common divisor of z and a?
4
Suppose 0 = -39*p + 5*p + 782. Calculate the greatest common divisor of p and 4.
1
Let p(a) = -3*a**2 + a**2 + 2*a - a - 7*a**3. Let c be p(1). Let h(o) = -o**2 - 10*o - 6. Let b be h(c). Calculate the greatest common factor of b and 50.
10
Suppose -x = x - 8. Let n be 88/6 - (-6)/(-9). Let r be 7/n - (-78)/4. Calculate the highest common divisor of r and x.
4
Suppose 6*l - 262 = 128. What is the highest common divisor of l and 5?
5
Suppose -b + 4*b + 12 = 3*v, 20 = -5*b + 2*v. Let r be ((-10)/(-15))/(b/(-174)). Calculate the greatest common divisor of 319 and r.
29
Suppose i - 5*w - 896 = 0, -i + 4*w + 487 = -409. Calculate the greatest common divisor of 56 and i.
56
Let t = 2962 + -2000. What is the highest common factor of t and 52?
26
Suppose -3*j = 3*q + 267, -5*q - 2*j - 451 = -3*j. Let p be q/(-21)*28/6. Calculate the greatest common divisor of 8 and p.
4
Let r(o) = -o**2 + 21*o + 10. Let l be r(7). Calculate the highest common factor of l and 756.
108
Suppose 3*a - a = 32. Suppose 0*c + a = -4*c, 0 = 2*o + 2*c + 2. Suppose 55*s + 117*s - 2760 = -288*s. Calculate the greatest common divisor of s and o.
3
Let k be (-6 - -4)*18/(-4). Let c be 2/(-36)*-4 + (-28)/(-36). Calculate the greatest common divisor of c and k.
1
Let z(i) = 7*i + 12. Let x be z(6). Suppose -2*o - x = -5*o. Let n = 2 - 0. What is the highest common factor of n and o?
2
Let i(r) = -r**3 + 24*r**2 - 20*r - 23. Let d be i(23). What is the highest common factor of d and 276?
46
Suppose 7*o + 1443 = 8*o. Suppose 3*z - 405 = o. Calculate the highest common factor of 56 and z.
56
Suppose 2*z + 51 = -3*i - 210, 2*i = -5*z - 658. Let n = z - -158. Calculate the highest common divisor of n and 39.
13
Suppose -697 = 5*a - 3217. What is the greatest common factor of a and 189?
63
Suppose -3*u - 4 = -2*x, -4*u + 0 = -x - 3. Let v(s) = 16*s**2 - 4*s - 4. Let h be v(-1). Calculate the greatest common divisor of h and u.
2
Let w(i) be the second derivative of i**4/12 - 2*i**3/3 + 2*i**2 - i. Let a be w(8). Let o = -20 + a. What is the greatest common divisor of 40 and o?
8
Let l be ((-15)/(-6))/(6/(-12)). Let g(c) = -9*c - 22. Let p be g(l). What is the highest common factor of 1 and p?
1
Suppose 3*h - 4*q - 3716 = 0, -12*h + 6205 = -7*h + 5*q. Calculate the highest common factor of h and 80.
40
Let d be (-414)/(-72) + (-2)/(-8). Let l be (-66 + 36)*(-3)/((-30)/(-4)). Calculate the greatest common divisor of d and l.
6
Let w be (4/(8/(-9)))/(16/(-160)). Calculate the highest common factor of 873 and w.
9
Let d be 0 + 155 + 3 + 4. What is the greatest common divisor of 36 and d?
18
Suppose 7*o - 3*o = 20. Suppose p + 2*z = -p + 102, -4*z = o*p - 252. Calculate the greatest common factor of 12 and p.
12
Let u(v) be the first derivative of -v**4/4 - v**3/3 - v**2/2 + 4*v - 18. Let j be u(0). Calculate the greatest common factor of 44 and j.
4
Suppose -2*o = i - 53, -3*o + 24*i + 69 = 29*i. What is the greatest common divisor of o and 518?
14
Let l = 1676 - 707. Calculate the highest common divisor of l and 57.
57
Let s = -713 - -1369. What is the highest common divisor of s and 41?
41
Let g = 54 + -29. Let l = -2005 - -2030. What is the highest common divisor of g and l?
25
Let q be (45/3)/((-24)/(-72)). What is the highest common divisor of 3825 and q?
45
Let r(j) = -62*j - 222. Let o be r(-33). What is the highest common factor of 96 and o?
96
Let m be (26/3)/((-6)/(-9)). Let h be (13 + -5)/(2 + 0). Suppose 5*k + h*z = 134, k + 5*z + 4 = 35. Calculate the greatest common factor of m and k.
13
Suppose -2*d + 7*d + 5*l - 140 = 0, d - l = 18. Let k(a) = -3*a**2 - a + 207. Let j be k(0). Calculate the greatest common divisor of j and d.
23
Let w be ((-70)/(-6))/(20/(-18) + 1). Let a = -102 - w. What is the highest common factor of 12 and a?
3
Let z(c) = -6*c + 53. Let v be z(7). What is the highest common factor of 11 and v?
11
Let p(k) = 2*k**2 - 49*k + 20. Let t be p(25). Suppose i - 3*i = 5*c - 93, i + c - t = 0. What is the highest common factor of 11 and i?
11
Suppose 4*b + 2175 = -4089. Let p be b/30 - (-2)/10. Let m be 12/42 + p/(-14). Calculate the greatest common divisor of m and 6.
2
Let o be (-5)/(-1) - (-3531 - 10). Calculate the greatest common divisor of 18 and o.
18
Suppose -5*q + 4*j = -145, 15 = 3*j - 0*j. Calculate the greatest common divisor of q and 22.
11
Let i(c) = c**2 - 10*c + 10. Suppose -11*s = -5*s - 54. Let f be i(s). What is the highest common factor of f and 7?
1
Let q = -133 - -140. Suppose -q*u + 10 = -67. Calculate the highest common divisor of 11 and u.
11
Let h = 67 - 58. Suppose 0 = -h*w - 70 + 178. What is the greatest common divisor of w and 6?
6
Let a be (-2)/(((-20)/(-1060))/(2/(-4))). Calculate the greatest common factor of a and 477.
53
Suppose 549 + 75 = 24*t. What is the highest common factor of 52 and t?
26
Let h(y) = 5*y**3 + y + 2. Let f be h(2). Suppose 16 = 7*o - 3*o. Suppose -3*s = -2*n - 2*s + 16, s = -o*n + f. What is the greatest common divisor of 70 and n?
10
Let b be (-1)/(4 - (-76)/(-20)) - -481. What is the greatest common divisor of b and 28?
28
Let h(v) = -15*v + 470. Let y be h(22). What is the greatest co